{"id":18,"date":"2021-10-07T13:13:45","date_gmt":"2021-10-07T11:13:45","guid":{"rendered":"http:\/\/secondemain-brand.com\/?page_id=18"},"modified":"2022-05-13T06:50:31","modified_gmt":"2022-05-13T04:50:31","slug":"nous-contacter","status":"publish","type":"page","link":"https:\/\/secondemain-brand.com\/?page_id=18","title":{"rendered":"Nous contacter"},"content":{"rendered":"<div role=\"form\" class=\"wpcf7\" id=\"wpcf7-f1748-o1\" lang=\"fr-FR\" dir=\"ltr\">\n<div class=\"screen-reader-response\"><p role=\"status\" aria-live=\"polite\" aria-atomic=\"true\"><\/p> <ul><\/ul><\/div>\n<form action=\"\/index.php?rest_route=%2Fwp%2Fv2%2Fpages%2F18#wpcf7-f1748-o1\" method=\"post\" class=\"wpcf7-form init 60d67ce2077f cmatic-conn cmatic-aud-2 cmatic-mapd0-0 cmatic-v0975 cmatic-sent-0 cmatic-total-0\" novalidate=\"novalidate\" data-status=\"init\">\n<div style=\"display: none;\">\n<input type=\"hidden\" name=\"_wpcf7\" value=\"1748\" \/>\n<input type=\"hidden\" name=\"_wpcf7_version\" value=\"5.6.2\" \/>\n<input type=\"hidden\" name=\"_wpcf7_locale\" value=\"fr_FR\" \/>\n<input type=\"hidden\" name=\"_wpcf7_unit_tag\" value=\"wpcf7-f1748-o1\" \/>\n<input type=\"hidden\" name=\"_wpcf7_container_post\" value=\"0\" \/>\n<input type=\"hidden\" name=\"_wpcf7_posted_data_hash\" value=\"\" \/>\n<\/div>\n<div class=\"kl-form-contact\">\n<div class=\"d-flex justify-content-between kl-input-flex flex-wrap\">\n<div class=\"kl-mb-30 kl-width-mobile d-flex flex-grow-1\">\n      <label for=\"id-first-name\" class=\"col-form-label pb-0 kl-custom-width\">Pr\u00e9nom<\/label><\/p>\n<div class=\"flex-grow-1\">\n         <span class=\"wpcf7-form-control-wrap\" data-name=\"prenoms\"><input type=\"text\" name=\"prenoms\" value=\"\" size=\"40\" class=\"wpcf7-form-control wpcf7-text wpcf7-validates-as-required form-control kl-input-first-name\" id=\"id-first-name\" aria-required=\"true\" aria-invalid=\"false\" \/><\/span>\n      <\/div>\n<\/div>\n<div class=\"kl-mb-30 kl-width-mobile d-flex  justify-content-between justify-content-xl-end flex-<br \/>\n      grow-1\"><br \/>\n      <label for=\"id-name\" class=\"col-form-label pb-0 kl-custom-lg-width\">Nom<\/label><\/p>\n<div class=\"ms-0 ms-xl-4 kl-div-input-name\">\n         <span class=\"wpcf7-form-control-wrap\" data-name=\"nom\"><input type=\"text\" name=\"nom\" value=\"\" size=\"40\" class=\"wpcf7-form-control wpcf7-text wpcf7-validates-as-required kl-input-name form-control\" id=\"id-name\" aria-required=\"true\" aria-invalid=\"false\" \/><\/span>\n      <\/div>\n<\/div>\n<\/div>\n<div class=\"kl-mb-30 d-flex\">\n    <label for=\"id-email\" class=\"col-form-label pb-0 kl-custom-width\">Email<\/label><\/p>\n<div class=\"flex-grow-1\">\n          <span class=\"wpcf7-form-control-wrap\" data-name=\"email-71\"><input type=\"email\" name=\"email-71\" value=\"\" size=\"40\" class=\"wpcf7-form-control wpcf7-text wpcf7-email wpcf7-validates-as-required wpcf7-validates-as-email form-control\" id=\"id-email\" aria-required=\"true\" aria-invalid=\"false\" \/><\/span>\n       <\/div>\n<\/div>\n<div class=\"kl-position-flex kl-input-large kl-input-sujet\">\n   <label class=\"kl-custom-width\">Sujet<\/label><\/p>\n<div class=\"flex-grow-1\">\n     <span class=\"wpcf7-form-control-wrap\" data-name=\"menu-251\"><select name=\"menu-251\" class=\"wpcf7-form-control wpcf7-select wpcf7-validates-as-required\" aria-required=\"true\" aria-invalid=\"false\"><option value=\"\">---<\/option><option value=\"O\u00f9 est ma commande ?\">O\u00f9 est ma commande ?<\/option><option value=\"Je n&#039;ai pas re\u00e7u le bon produit\">Je n&#039;ai pas re\u00e7u le bon produit<\/option><option value=\"Je souhaite retourner mon produit\">Je souhaite retourner mon produit<\/option><option value=\"Paiement et remboursement\">Paiement et remboursement<\/option><option value=\"Autre\">Autre<\/option><\/select><\/span>\n   <\/div>\n<\/div>\n<div class=\"d-flex align-items-start kl-mb-30\">\n   <label for=\"id-description\" class=\"col-form-label pt-1 kl-custom-width\">Description<\/label><\/p>\n<div class=\"flex-grow-1\">\n      <span class=\"wpcf7-form-control-wrap\" data-name=\"textarea-63\"><textarea name=\"textarea-63\" cols=\"40\" rows=\"10\" class=\"wpcf7-form-control wpcf7-textarea wpcf7-validates-as-required form-control\" id=\"id-description\" aria-required=\"true\" aria-invalid=\"false\" placeholder=\"Dites-nous tout\"><\/textarea><\/span>\n   <\/div>\n<\/div>\n<div class=\"kl-btn-send\">\n<div class=\"d-none\">\n  <!-- Mailchimp for WordPress v4.8.8 - https:\/\/www.mc4wp.com\/ --><input type=\"hidden\" name=\"_mc4wp_subscribe_contact-form-7\" value=\"0\" \/><span class=\" mc4wp-checkbox mc4wp-checkbox-contact-form-7\" ><label><input type=\"checkbox\" name=\"_mc4wp_subscribe_contact-form-7\" value=\"1\" checked=\"checked\" \/><span>Inscrivez-vous pour recevoir notre newsletter !<\/span><\/label><\/span><!-- \/ Mailchimp for WordPress -->\n<\/div>\n<p>  <input type=\"submit\" value=\"Envoyer\" class=\"wpcf7-form-control has-spinner wpcf7-submit btn btn-outline-secondary kl-btn-sending-contact\" \/>\n<\/p><\/div>\n<\/div>\n<div class=\"wpcf7-response-output\" aria-hidden=\"true\"><\/div><\/form><\/div>\n","protected":false},"excerpt":{"rendered":"","protected":false},"author":1,"featured_media":0,"parent":0,"menu_order":0,"comment_status":"closed","ping_status":"closed","template":"templates\/tpl-contact.php","meta":{"inline_featured_image":false,"footnotes":""},"class_list":["post-18","page","type-page","status-publish","hentry"],"yoast_head":"<!-- This site is optimized with the Yoast SEO plugin v22.8 - https:\/\/yoast.com\/wordpress\/plugins\/seo\/ -->\n<title>Contactez-nous | Seconde Main<\/title>\n<meta name=\"description\" content=\"Contactez-nous pour toutes questions relatives \u00e0 nos pi\u00e8ces, notre politique de retour ou \u00e0 une potentielle collaboration.\" \/>\n<meta name=\"robots\" content=\"index, follow, max-snippet:-1, max-image-preview:large, max-video-preview:-1\" \/>\n<link rel=\"canonical\" href=\"https:\/\/secondemain-brand.com\/?page_id=18\" \/>\n<meta property=\"og:locale\" content=\"en_US\" \/>\n<meta property=\"og:type\" content=\"article\" \/>\n<meta property=\"og:title\" content=\"Contactez-nous | Seconde Main\" \/>\n<meta property=\"og:description\" content=\"Contactez-nous pour toutes questions relatives \u00e0 nos pi\u00e8ces, notre politique de retour ou \u00e0 une potentielle collaboration.\" \/>\n<meta property=\"og:url\" content=\"https:\/\/secondemain-brand.com\/?page_id=18\" \/>\n<meta property=\"og:site_name\" content=\"SECONDE MAIN\" \/>\n<meta property=\"article:modified_time\" content=\"2022-05-13T04:50:31+00:00\" \/>\n<meta name=\"twitter:card\" content=\"summary_large_image\" \/>\n<script type=\"application\/ld+json\" class=\"yoast-schema-graph\">{\"@context\":\"https:\/\/schema.org\",\"@graph\":[{\"@type\":\"WebPage\",\"@id\":\"https:\/\/secondemain-brand.com\/?page_id=18\",\"url\":\"https:\/\/secondemain-brand.com\/?page_id=18\",\"name\":\"Contactez-nous | Seconde Main\",\"isPartOf\":{\"@id\":\"https:\/\/secondemain-brand.com\/#website\"},\"datePublished\":\"2021-10-07T11:13:45+00:00\",\"dateModified\":\"2022-05-13T04:50:31+00:00\",\"description\":\"Contactez-nous pour toutes questions relatives \u00e0 nos pi\u00e8ces, notre politique de retour ou \u00e0 une potentielle collaboration.\",\"breadcrumb\":{\"@id\":\"https:\/\/secondemain-brand.com\/?page_id=18#breadcrumb\"},\"inLanguage\":\"en-US\",\"potentialAction\":[{\"@type\":\"ReadAction\",\"target\":[\"https:\/\/secondemain-brand.com\/?page_id=18\"]}]},{\"@type\":\"BreadcrumbList\",\"@id\":\"https:\/\/secondemain-brand.com\/?page_id=18#breadcrumb\",\"itemListElement\":[{\"@type\":\"ListItem\",\"position\":1,\"name\":\"Home\",\"item\":\"https:\/\/secondemain-brand.com\/\"},{\"@type\":\"ListItem\",\"position\":2,\"name\":\"Nous contacter\"}]},{\"@type\":\"WebSite\",\"@id\":\"https:\/\/secondemain-brand.com\/#website\",\"url\":\"https:\/\/secondemain-brand.com\/\",\"name\":\"SECONDE MAIN\",\"description\":\"Seconde Main propose des pi\u00e8ces uniques et color\u00e9es qui impactent positivement leur environnement.\",\"potentialAction\":[{\"@type\":\"SearchAction\",\"target\":{\"@type\":\"EntryPoint\",\"urlTemplate\":\"https:\/\/secondemain-brand.com\/?s={search_term_string}\"},\"query-input\":\"required name=search_term_string\"}],\"inLanguage\":\"en-US\"}]}<\/script>\n<!-- \/ Yoast SEO plugin. -->","yoast_head_json":{"title":"Contactez-nous | Seconde Main","description":"Contactez-nous pour toutes questions relatives \u00e0 nos pi\u00e8ces, notre politique de retour ou \u00e0 une potentielle collaboration.","robots":{"index":"index","follow":"follow","max-snippet":"max-snippet:-1","max-image-preview":"max-image-preview:large","max-video-preview":"max-video-preview:-1"},"canonical":"https:\/\/secondemain-brand.com\/?page_id=18","og_locale":"en_US","og_type":"article","og_title":"Contactez-nous | Seconde Main","og_description":"Contactez-nous pour toutes questions relatives \u00e0 nos pi\u00e8ces, notre politique de retour ou \u00e0 une potentielle collaboration.","og_url":"https:\/\/secondemain-brand.com\/?page_id=18","og_site_name":"SECONDE MAIN","article_modified_time":"2022-05-13T04:50:31+00:00","twitter_card":"summary_large_image","schema":{"@context":"https:\/\/schema.org","@graph":[{"@type":"WebPage","@id":"https:\/\/secondemain-brand.com\/?page_id=18","url":"https:\/\/secondemain-brand.com\/?page_id=18","name":"Contactez-nous | Seconde Main","isPartOf":{"@id":"https:\/\/secondemain-brand.com\/#website"},"datePublished":"2021-10-07T11:13:45+00:00","dateModified":"2022-05-13T04:50:31+00:00","description":"Contactez-nous pour toutes questions relatives \u00e0 nos pi\u00e8ces, notre politique de retour ou \u00e0 une potentielle collaboration.","breadcrumb":{"@id":"https:\/\/secondemain-brand.com\/?page_id=18#breadcrumb"},"inLanguage":"en-US","potentialAction":[{"@type":"ReadAction","target":["https:\/\/secondemain-brand.com\/?page_id=18"]}]},{"@type":"BreadcrumbList","@id":"https:\/\/secondemain-brand.com\/?page_id=18#breadcrumb","itemListElement":[{"@type":"ListItem","position":1,"name":"Home","item":"https:\/\/secondemain-brand.com\/"},{"@type":"ListItem","position":2,"name":"Nous contacter"}]},{"@type":"WebSite","@id":"https:\/\/secondemain-brand.com\/#website","url":"https:\/\/secondemain-brand.com\/","name":"SECONDE MAIN","description":"Seconde Main propose des pi\u00e8ces uniques et color\u00e9es qui impactent positivement leur environnement.","potentialAction":[{"@type":"SearchAction","target":{"@type":"EntryPoint","urlTemplate":"https:\/\/secondemain-brand.com\/?s={search_term_string}"},"query-input":"required name=search_term_string"}],"inLanguage":"en-US"}]}},"_links":{"self":[{"href":"https:\/\/secondemain-brand.com\/index.php?rest_route=\/wp\/v2\/pages\/18","targetHints":{"allow":["GET"]}}],"collection":[{"href":"https:\/\/secondemain-brand.com\/index.php?rest_route=\/wp\/v2\/pages"}],"about":[{"href":"https:\/\/secondemain-brand.com\/index.php?rest_route=\/wp\/v2\/types\/page"}],"author":[{"embeddable":true,"href":"https:\/\/secondemain-brand.com\/index.php?rest_route=\/wp\/v2\/users\/1"}],"replies":[{"embeddable":true,"href":"https:\/\/secondemain-brand.com\/index.php?rest_route=%2Fwp%2Fv2%2Fcomments&post=18"}],"version-history":[{"count":0,"href":"https:\/\/secondemain-brand.com\/index.php?rest_route=\/wp\/v2\/pages\/18\/revisions"}],"wp:attachment":[{"href":"https:\/\/secondemain-brand.com\/index.php?rest_route=%2Fwp%2Fv2%2Fmedia&parent=18"}],"curies":[{"name":"wp","href":"https:\/\/api.w.org\/{rel}","templated":true}]}}