{"id":12528,"date":"2026-04-11T17:52:03","date_gmt":"2026-04-11T15:52:03","guid":{"rendered":"https:\/\/secondemain-brand.com\/?post_type=product&#038;p=12528"},"modified":"2026-04-12T20:34:09","modified_gmt":"2026-04-12T18:34:09","slug":"biriky-jupe-denim-patchwork","status":"publish","type":"product","link":"https:\/\/secondemain-brand.com\/?product=biriky-jupe-denim-patchwork","title":{"rendered":"JUPE BIRIKY"},"excerpt":{"rendered":"","protected":false},"featured_media":12538,"comment_status":"open","ping_status":"closed","template":"","meta":{"inline_featured_image":false},"product_cat":[316,557],"product_tag":[668],"class_list":{"0":"post-12528","1":"product","2":"type-product","3":"status-publish","4":"has-post-thumbnail","6":"product_cat-nouveautes","7":"product_cat-bas","8":"product_tag-bas","9":"pa_double-couleur-denim","11":"first","12":"onbackorder","13":"shipping-taxable","14":"purchasable","15":"product-type-variable","16":"has-default-attributes"},"yoast_head":"<!-- This site is optimized with the Yoast SEO plugin v22.8 - https:\/\/yoast.com\/wordpress\/plugins\/seo\/ -->\n<title>Jupe Biriky \u2013 Denim patchwork | Seconde Main - Antananarivo<\/title>\n<meta name=\"description\" content=\"Jupe en denim patchwork r\u00e9alis\u00e9e \u00e0 partir de chutes de jeans, \u00e0 la composition graphique inspir\u00e9e d\u2019un assemblage en briques. Coupe structur\u00e9e.\" \/>\n<meta name=\"robots\" content=\"index, follow, max-snippet:-1, max-image-preview:large, max-video-preview:-1\" \/>\n<link rel=\"canonical\" href=\"https:\/\/secondemain-brand.com\/?product=biriky-jupe-denim-patchwork\" \/>\n<meta property=\"og:locale\" content=\"en_US\" \/>\n<meta property=\"og:type\" content=\"article\" \/>\n<meta property=\"og:title\" content=\"Jupe Biriky \u2013 Denim patchwork | Seconde Main - Antananarivo\" \/>\n<meta property=\"og:description\" content=\"Jupe en denim patchwork r\u00e9alis\u00e9e \u00e0 partir de chutes de jeans, \u00e0 la composition graphique inspir\u00e9e d\u2019un assemblage en briques. Coupe structur\u00e9e.\" \/>\n<meta property=\"og:url\" content=\"https:\/\/secondemain-brand.com\/?product=biriky-jupe-denim-patchwork\" \/>\n<meta property=\"og:site_name\" content=\"SECONDE MAIN\" \/>\n<meta property=\"article:modified_time\" content=\"2026-04-12T18:34:09+00:00\" \/>\n<meta property=\"og:image\" content=\"https:\/\/secondemain-brand.com\/wp-content\/uploads\/2026\/04\/biriky-jupe-denim-patchwork-scaled.jpeg\" \/>\n\t<meta property=\"og:image:width\" content=\"1696\" \/>\n\t<meta property=\"og:image:height\" content=\"2560\" \/>\n\t<meta property=\"og:image:type\" content=\"image\/jpeg\" \/>\n<meta name=\"twitter:card\" content=\"summary_large_image\" \/>\n<script type=\"application\/ld+json\" class=\"yoast-schema-graph\">{\"@context\":\"https:\/\/schema.org\",\"@graph\":[{\"@type\":\"WebPage\",\"@id\":\"https:\/\/secondemain-brand.com\/?product=biriky-jupe-denim-patchwork\",\"url\":\"https:\/\/secondemain-brand.com\/?product=biriky-jupe-denim-patchwork\",\"name\":\"Jupe Biriky \u2013 Denim patchwork | Seconde Main - Antananarivo\",\"isPartOf\":{\"@id\":\"https:\/\/secondemain-brand.com\/#website\"},\"primaryImageOfPage\":{\"@id\":\"https:\/\/secondemain-brand.com\/?product=biriky-jupe-denim-patchwork#primaryimage\"},\"image\":{\"@id\":\"https:\/\/secondemain-brand.com\/?product=biriky-jupe-denim-patchwork#primaryimage\"},\"thumbnailUrl\":\"https:\/\/secondemain-brand.com\/wp-content\/uploads\/2026\/04\/biriky-jupe-denim-patchwork-scaled.jpeg\",\"datePublished\":\"2026-04-11T15:52:03+00:00\",\"dateModified\":\"2026-04-12T18:34:09+00:00\",\"description\":\"Jupe en denim patchwork r\u00e9alis\u00e9e \u00e0 partir de chutes de jeans, \u00e0 la composition graphique inspir\u00e9e d\u2019un assemblage en briques. Coupe structur\u00e9e.\",\"breadcrumb\":{\"@id\":\"https:\/\/secondemain-brand.com\/?product=biriky-jupe-denim-patchwork#breadcrumb\"},\"inLanguage\":\"en-US\",\"potentialAction\":[{\"@type\":\"ReadAction\",\"target\":[\"https:\/\/secondemain-brand.com\/?product=biriky-jupe-denim-patchwork\"]}]},{\"@type\":\"ImageObject\",\"inLanguage\":\"en-US\",\"@id\":\"https:\/\/secondemain-brand.com\/?product=biriky-jupe-denim-patchwork#primaryimage\",\"url\":\"https:\/\/secondemain-brand.com\/wp-content\/uploads\/2026\/04\/biriky-jupe-denim-patchwork-scaled.jpeg\",\"contentUrl\":\"https:\/\/secondemain-brand.com\/wp-content\/uploads\/2026\/04\/biriky-jupe-denim-patchwork-scaled.jpeg\",\"width\":1696,\"height\":2560,\"caption\":\"Biriky skirt\"},{\"@type\":\"BreadcrumbList\",\"@id\":\"https:\/\/secondemain-brand.com\/?product=biriky-jupe-denim-patchwork#breadcrumb\",\"itemListElement\":[{\"@type\":\"ListItem\",\"position\":1,\"name\":\"Home\",\"item\":\"https:\/\/secondemain-brand.com\/\"},{\"@type\":\"ListItem\",\"position\":2,\"name\":\"Products\",\"item\":\"https:\/\/secondemain-brand.com\/en\/shop-2\/5-2\/\"},{\"@type\":\"ListItem\",\"position\":3,\"name\":\"JUPE BIRIKY\"}]},{\"@type\":\"WebSite\",\"@id\":\"https:\/\/secondemain-brand.com\/#website\",\"url\":\"https:\/\/secondemain-brand.com\/\",\"name\":\"SECONDE MAIN\",\"description\":\"Seconde Main propose des pi\u00e8ces uniques et color\u00e9es qui impactent positivement leur environnement.\",\"potentialAction\":[{\"@type\":\"SearchAction\",\"target\":{\"@type\":\"EntryPoint\",\"urlTemplate\":\"https:\/\/secondemain-brand.com\/?s={search_term_string}\"},\"query-input\":\"required name=search_term_string\"}],\"inLanguage\":\"en-US\"}]}<\/script>\n<!-- \/ Yoast SEO plugin. -->","yoast_head_json":{"title":"Jupe Biriky \u2013 Denim patchwork | Seconde Main - Antananarivo","description":"Jupe en denim patchwork r\u00e9alis\u00e9e \u00e0 partir de chutes de jeans, \u00e0 la composition graphique inspir\u00e9e d\u2019un assemblage en briques. Coupe structur\u00e9e.","robots":{"index":"index","follow":"follow","max-snippet":"max-snippet:-1","max-image-preview":"max-image-preview:large","max-video-preview":"max-video-preview:-1"},"canonical":"https:\/\/secondemain-brand.com\/?product=biriky-jupe-denim-patchwork","og_locale":"en_US","og_type":"article","og_title":"Jupe Biriky \u2013 Denim patchwork | Seconde Main - Antananarivo","og_description":"Jupe en denim patchwork r\u00e9alis\u00e9e \u00e0 partir de chutes de jeans, \u00e0 la composition graphique inspir\u00e9e d\u2019un assemblage en briques. Coupe structur\u00e9e.","og_url":"https:\/\/secondemain-brand.com\/?product=biriky-jupe-denim-patchwork","og_site_name":"SECONDE MAIN","article_modified_time":"2026-04-12T18:34:09+00:00","og_image":[{"width":1696,"height":2560,"url":"https:\/\/secondemain-brand.com\/wp-content\/uploads\/2026\/04\/biriky-jupe-denim-patchwork-scaled.jpeg","type":"image\/jpeg"}],"twitter_card":"summary_large_image","schema":{"@context":"https:\/\/schema.org","@graph":[{"@type":"WebPage","@id":"https:\/\/secondemain-brand.com\/?product=biriky-jupe-denim-patchwork","url":"https:\/\/secondemain-brand.com\/?product=biriky-jupe-denim-patchwork","name":"Jupe Biriky \u2013 Denim patchwork | Seconde Main - Antananarivo","isPartOf":{"@id":"https:\/\/secondemain-brand.com\/#website"},"primaryImageOfPage":{"@id":"https:\/\/secondemain-brand.com\/?product=biriky-jupe-denim-patchwork#primaryimage"},"image":{"@id":"https:\/\/secondemain-brand.com\/?product=biriky-jupe-denim-patchwork#primaryimage"},"thumbnailUrl":"https:\/\/secondemain-brand.com\/wp-content\/uploads\/2026\/04\/biriky-jupe-denim-patchwork-scaled.jpeg","datePublished":"2026-04-11T15:52:03+00:00","dateModified":"2026-04-12T18:34:09+00:00","description":"Jupe en denim patchwork r\u00e9alis\u00e9e \u00e0 partir de chutes de jeans, \u00e0 la composition graphique inspir\u00e9e d\u2019un assemblage en briques. Coupe structur\u00e9e.","breadcrumb":{"@id":"https:\/\/secondemain-brand.com\/?product=biriky-jupe-denim-patchwork#breadcrumb"},"inLanguage":"en-US","potentialAction":[{"@type":"ReadAction","target":["https:\/\/secondemain-brand.com\/?product=biriky-jupe-denim-patchwork"]}]},{"@type":"ImageObject","inLanguage":"en-US","@id":"https:\/\/secondemain-brand.com\/?product=biriky-jupe-denim-patchwork#primaryimage","url":"https:\/\/secondemain-brand.com\/wp-content\/uploads\/2026\/04\/biriky-jupe-denim-patchwork-scaled.jpeg","contentUrl":"https:\/\/secondemain-brand.com\/wp-content\/uploads\/2026\/04\/biriky-jupe-denim-patchwork-scaled.jpeg","width":1696,"height":2560,"caption":"Biriky skirt"},{"@type":"BreadcrumbList","@id":"https:\/\/secondemain-brand.com\/?product=biriky-jupe-denim-patchwork#breadcrumb","itemListElement":[{"@type":"ListItem","position":1,"name":"Home","item":"https:\/\/secondemain-brand.com\/"},{"@type":"ListItem","position":2,"name":"Products","item":"https:\/\/secondemain-brand.com\/en\/shop-2\/5-2\/"},{"@type":"ListItem","position":3,"name":"JUPE BIRIKY"}]},{"@type":"WebSite","@id":"https:\/\/secondemain-brand.com\/#website","url":"https:\/\/secondemain-brand.com\/","name":"SECONDE MAIN","description":"Seconde Main propose des pi\u00e8ces uniques et color\u00e9es qui impactent positivement leur environnement.","potentialAction":[{"@type":"SearchAction","target":{"@type":"EntryPoint","urlTemplate":"https:\/\/secondemain-brand.com\/?s={search_term_string}"},"query-input":"required name=search_term_string"}],"inLanguage":"en-US"}]}},"_links":{"self":[{"href":"https:\/\/secondemain-brand.com\/index.php?rest_route=\/wp\/v2\/product\/12528","targetHints":{"allow":["GET"]}}],"collection":[{"href":"https:\/\/secondemain-brand.com\/index.php?rest_route=\/wp\/v2\/product"}],"about":[{"href":"https:\/\/secondemain-brand.com\/index.php?rest_route=\/wp\/v2\/types\/product"}],"replies":[{"embeddable":true,"href":"https:\/\/secondemain-brand.com\/index.php?rest_route=%2Fwp%2Fv2%2Fcomments&post=12528"}],"wp:featuredmedia":[{"embeddable":true,"href":"https:\/\/secondemain-brand.com\/index.php?rest_route=\/wp\/v2\/media\/12538"}],"wp:attachment":[{"href":"https:\/\/secondemain-brand.com\/index.php?rest_route=%2Fwp%2Fv2%2Fmedia&parent=12528"}],"wp:term":[{"taxonomy":"product_cat","embeddable":true,"href":"https:\/\/secondemain-brand.com\/index.php?rest_route=%2Fwp%2Fv2%2Fproduct_cat&post=12528"},{"taxonomy":"product_tag","embeddable":true,"href":"https:\/\/secondemain-brand.com\/index.php?rest_route=%2Fwp%2Fv2%2Fproduct_tag&post=12528"}],"curies":[{"name":"wp","href":"https:\/\/api.w.org\/{rel}","templated":true}]}}