{"id":12577,"date":"2026-04-12T17:46:29","date_gmt":"2026-04-12T15:46:29","guid":{"rendered":"https:\/\/secondemain-brand.com\/?post_type=product&#038;p=12577"},"modified":"2026-04-12T20:34:57","modified_gmt":"2026-04-12T18:34:57","slug":"lova-jacket-black-denim","status":"publish","type":"product","link":"https:\/\/secondemain-brand.com\/?product=lova-jacket-black-denim&lang=en","title":{"rendered":"LOVA JACKET"},"excerpt":{"rendered":"","protected":false},"featured_media":12573,"comment_status":"open","ping_status":"closed","template":"","meta":{"inline_featured_image":false},"product_cat":[318,305],"product_tag":[670],"class_list":{"0":"post-12577","1":"product","2":"type-product","3":"status-publish","4":"has-post-thumbnail","6":"product_cat-new-arrivals","7":"product_cat-jackets-and-coats","8":"product_tag-bas-en","9":"pa_double-couleur-denim","10":"pa_double-couleur-denim-noir","11":"pa_double-couleur-black-crochet","12":"pa_double-couleur-noir-denim","14":"first","15":"onbackorder","16":"shipping-taxable","17":"purchasable","18":"product-type-variable","19":"has-default-attributes"},"yoast_head":"<!-- This site is optimized with the Yoast SEO plugin v22.8 - https:\/\/yoast.com\/wordpress\/plugins\/seo\/ -->\n<title>Lova Jacket \u2013 Black Denim, Contrast Stitching | Seconde Main<\/title>\n<meta name=\"description\" content=\"Lova jacket in black denim with white contrast stitching. A structured piece, designed and made in Madagascar using repurposed materials.\" \/>\n<meta name=\"robots\" content=\"index, follow, max-snippet:-1, max-image-preview:large, max-video-preview:-1\" \/>\n<link rel=\"canonical\" href=\"https:\/\/secondemain-brand.com\/?product=lova-jacket-black-denim&lang=en\" \/>\n<meta property=\"og:locale\" content=\"en_US\" \/>\n<meta property=\"og:type\" content=\"article\" \/>\n<meta property=\"og:title\" content=\"Lova Jacket \u2013 Black Denim, Contrast Stitching | Seconde Main\" \/>\n<meta property=\"og:description\" content=\"Lova jacket in black denim with white contrast stitching. A structured piece, designed and made in Madagascar using repurposed materials.\" \/>\n<meta property=\"og:url\" content=\"https:\/\/secondemain-brand.com\/?product=lova-jacket-black-denim&amp;lang=en\" \/>\n<meta property=\"og:site_name\" content=\"SECONDE MAIN\" \/>\n<meta property=\"article:modified_time\" content=\"2026-04-12T18:34:57+00:00\" \/>\n<meta property=\"og:image\" content=\"https:\/\/secondemain-brand.com\/wp-content\/uploads\/2026\/04\/secondemain_lova_veste_face_noir-scaled.jpeg\" \/>\n\t<meta property=\"og:image:width\" content=\"1696\" \/>\n\t<meta property=\"og:image:height\" content=\"2560\" \/>\n\t<meta property=\"og:image:type\" content=\"image\/jpeg\" \/>\n<meta name=\"twitter:card\" content=\"summary_large_image\" \/>\n<script type=\"application\/ld+json\" class=\"yoast-schema-graph\">{\"@context\":\"https:\/\/schema.org\",\"@graph\":[{\"@type\":\"WebPage\",\"@id\":\"https:\/\/secondemain-brand.com\/?product=lova-jacket-black-denim&lang=en\",\"url\":\"https:\/\/secondemain-brand.com\/?product=lova-jacket-black-denim&lang=en\",\"name\":\"Lova Jacket \u2013 Black Denim, Contrast Stitching | Seconde Main\",\"isPartOf\":{\"@id\":\"https:\/\/secondemain-brand.com\/#website\"},\"primaryImageOfPage\":{\"@id\":\"https:\/\/secondemain-brand.com\/?product=lova-jacket-black-denim&lang=en#primaryimage\"},\"image\":{\"@id\":\"https:\/\/secondemain-brand.com\/?product=lova-jacket-black-denim&lang=en#primaryimage\"},\"thumbnailUrl\":\"https:\/\/secondemain-brand.com\/wp-content\/uploads\/2026\/04\/secondemain_lova_veste_face_noir-scaled.jpeg\",\"datePublished\":\"2026-04-12T15:46:29+00:00\",\"dateModified\":\"2026-04-12T18:34:57+00:00\",\"description\":\"Lova jacket in black denim with white contrast stitching. A structured piece, designed and made in Madagascar using repurposed materials.\",\"breadcrumb\":{\"@id\":\"https:\/\/secondemain-brand.com\/?product=lova-jacket-black-denim&lang=en#breadcrumb\"},\"inLanguage\":\"en-US\",\"potentialAction\":[{\"@type\":\"ReadAction\",\"target\":[\"https:\/\/secondemain-brand.com\/?product=lova-jacket-black-denim&lang=en\"]}]},{\"@type\":\"ImageObject\",\"inLanguage\":\"en-US\",\"@id\":\"https:\/\/secondemain-brand.com\/?product=lova-jacket-black-denim&lang=en#primaryimage\",\"url\":\"https:\/\/secondemain-brand.com\/wp-content\/uploads\/2026\/04\/secondemain_lova_veste_face_noir-scaled.jpeg\",\"contentUrl\":\"https:\/\/secondemain-brand.com\/wp-content\/uploads\/2026\/04\/secondemain_lova_veste_face_noir-scaled.jpeg\",\"width\":1696,\"height\":2560,\"caption\":\"Veste Lova en denim noir, d\u00e9tails de surpiq\u00fbres contrast\u00e9es.\"},{\"@type\":\"BreadcrumbList\",\"@id\":\"https:\/\/secondemain-brand.com\/?product=lova-jacket-black-denim&lang=en#breadcrumb\",\"itemListElement\":[{\"@type\":\"ListItem\",\"position\":1,\"name\":\"Home\",\"item\":\"https:\/\/secondemain-brand.com\/\"},{\"@type\":\"ListItem\",\"position\":2,\"name\":\"Products\",\"item\":\"https:\/\/secondemain-brand.com\/en\/shop-2\/5-2\/\"},{\"@type\":\"ListItem\",\"position\":3,\"name\":\"LOVA JACKET\"}]},{\"@type\":\"WebSite\",\"@id\":\"https:\/\/secondemain-brand.com\/#website\",\"url\":\"https:\/\/secondemain-brand.com\/\",\"name\":\"SECONDE MAIN\",\"description\":\"Seconde Main propose des pi\u00e8ces uniques et color\u00e9es qui impactent positivement leur environnement.\",\"potentialAction\":[{\"@type\":\"SearchAction\",\"target\":{\"@type\":\"EntryPoint\",\"urlTemplate\":\"https:\/\/secondemain-brand.com\/?s={search_term_string}\"},\"query-input\":\"required name=search_term_string\"}],\"inLanguage\":\"en-US\"}]}<\/script>\n<!-- \/ Yoast SEO plugin. -->","yoast_head_json":{"title":"Lova Jacket \u2013 Black Denim, Contrast Stitching | Seconde Main","description":"Lova jacket in black denim with white contrast stitching. A structured piece, designed and made in Madagascar using repurposed materials.","robots":{"index":"index","follow":"follow","max-snippet":"max-snippet:-1","max-image-preview":"max-image-preview:large","max-video-preview":"max-video-preview:-1"},"canonical":"https:\/\/secondemain-brand.com\/?product=lova-jacket-black-denim&lang=en","og_locale":"en_US","og_type":"article","og_title":"Lova Jacket \u2013 Black Denim, Contrast Stitching | Seconde Main","og_description":"Lova jacket in black denim with white contrast stitching. A structured piece, designed and made in Madagascar using repurposed materials.","og_url":"https:\/\/secondemain-brand.com\/?product=lova-jacket-black-denim&lang=en","og_site_name":"SECONDE MAIN","article_modified_time":"2026-04-12T18:34:57+00:00","og_image":[{"width":1696,"height":2560,"url":"https:\/\/secondemain-brand.com\/wp-content\/uploads\/2026\/04\/secondemain_lova_veste_face_noir-scaled.jpeg","type":"image\/jpeg"}],"twitter_card":"summary_large_image","schema":{"@context":"https:\/\/schema.org","@graph":[{"@type":"WebPage","@id":"https:\/\/secondemain-brand.com\/?product=lova-jacket-black-denim&lang=en","url":"https:\/\/secondemain-brand.com\/?product=lova-jacket-black-denim&lang=en","name":"Lova Jacket \u2013 Black Denim, Contrast Stitching | Seconde Main","isPartOf":{"@id":"https:\/\/secondemain-brand.com\/#website"},"primaryImageOfPage":{"@id":"https:\/\/secondemain-brand.com\/?product=lova-jacket-black-denim&lang=en#primaryimage"},"image":{"@id":"https:\/\/secondemain-brand.com\/?product=lova-jacket-black-denim&lang=en#primaryimage"},"thumbnailUrl":"https:\/\/secondemain-brand.com\/wp-content\/uploads\/2026\/04\/secondemain_lova_veste_face_noir-scaled.jpeg","datePublished":"2026-04-12T15:46:29+00:00","dateModified":"2026-04-12T18:34:57+00:00","description":"Lova jacket in black denim with white contrast stitching. A structured piece, designed and made in Madagascar using repurposed materials.","breadcrumb":{"@id":"https:\/\/secondemain-brand.com\/?product=lova-jacket-black-denim&lang=en#breadcrumb"},"inLanguage":"en-US","potentialAction":[{"@type":"ReadAction","target":["https:\/\/secondemain-brand.com\/?product=lova-jacket-black-denim&lang=en"]}]},{"@type":"ImageObject","inLanguage":"en-US","@id":"https:\/\/secondemain-brand.com\/?product=lova-jacket-black-denim&lang=en#primaryimage","url":"https:\/\/secondemain-brand.com\/wp-content\/uploads\/2026\/04\/secondemain_lova_veste_face_noir-scaled.jpeg","contentUrl":"https:\/\/secondemain-brand.com\/wp-content\/uploads\/2026\/04\/secondemain_lova_veste_face_noir-scaled.jpeg","width":1696,"height":2560,"caption":"Veste Lova en denim noir, d\u00e9tails de surpiq\u00fbres contrast\u00e9es."},{"@type":"BreadcrumbList","@id":"https:\/\/secondemain-brand.com\/?product=lova-jacket-black-denim&lang=en#breadcrumb","itemListElement":[{"@type":"ListItem","position":1,"name":"Home","item":"https:\/\/secondemain-brand.com\/"},{"@type":"ListItem","position":2,"name":"Products","item":"https:\/\/secondemain-brand.com\/en\/shop-2\/5-2\/"},{"@type":"ListItem","position":3,"name":"LOVA JACKET"}]},{"@type":"WebSite","@id":"https:\/\/secondemain-brand.com\/#website","url":"https:\/\/secondemain-brand.com\/","name":"SECONDE MAIN","description":"Seconde Main propose des pi\u00e8ces uniques et color\u00e9es qui impactent positivement leur environnement.","potentialAction":[{"@type":"SearchAction","target":{"@type":"EntryPoint","urlTemplate":"https:\/\/secondemain-brand.com\/?s={search_term_string}"},"query-input":"required name=search_term_string"}],"inLanguage":"en-US"}]}},"_links":{"self":[{"href":"https:\/\/secondemain-brand.com\/index.php?rest_route=\/wp\/v2\/product\/12577","targetHints":{"allow":["GET"]}}],"collection":[{"href":"https:\/\/secondemain-brand.com\/index.php?rest_route=\/wp\/v2\/product"}],"about":[{"href":"https:\/\/secondemain-brand.com\/index.php?rest_route=\/wp\/v2\/types\/product"}],"replies":[{"embeddable":true,"href":"https:\/\/secondemain-brand.com\/index.php?rest_route=%2Fwp%2Fv2%2Fcomments&post=12577"}],"wp:featuredmedia":[{"embeddable":true,"href":"https:\/\/secondemain-brand.com\/index.php?rest_route=\/wp\/v2\/media\/12573"}],"wp:attachment":[{"href":"https:\/\/secondemain-brand.com\/index.php?rest_route=%2Fwp%2Fv2%2Fmedia&parent=12577"}],"wp:term":[{"taxonomy":"product_cat","embeddable":true,"href":"https:\/\/secondemain-brand.com\/index.php?rest_route=%2Fwp%2Fv2%2Fproduct_cat&post=12577"},{"taxonomy":"product_tag","embeddable":true,"href":"https:\/\/secondemain-brand.com\/index.php?rest_route=%2Fwp%2Fv2%2Fproduct_tag&post=12577"}],"curies":[{"name":"wp","href":"https:\/\/api.w.org\/{rel}","templated":true}]}}